{"id":36246,"date":"2020-09-24T00:00:00","date_gmt":"2020-09-23T22:00:00","guid":{"rendered":"https:\/\/www.anameteurope.com\/product\/ef-black\/"},"modified":"2025-10-02T10:12:30","modified_gmt":"2025-10-02T08:12:30","slug":"ef-black","status":"publish","type":"custom_product","link":"https:\/\/www.anameteurope.com\/de\/product\/ef-black\/","title":{"rendered":"EF Schwarz"},"content":{"rendered":"<p>Der Sealtite Kabelschutzschlauch EF zeichnet sich durch einen stahlverzinkten Kern und einen glatten PVC Mantel aus. Der Schlauch gew\u00e4hrleistet einen sehr guten mechanischen Kabel- und Leitungsschutz an Maschinen und Anlagen, zum Anschluss an Geh\u00e4usen und Schaltschr\u00e4nken, in einer Vielzahl von Applikationen wie z.B. in Verpackungsmaschinen der Papierrecyclingindustrie. Der Kabelschutzschlauch weist sowohl in statischen, als auch in halbdynamischen Anwendungen eine gute Flexibilit\u00e4t auf.<\/p>\n","protected":false},"featured_media":35209,"menu_order":4,"template":"","custom_product_cat":[8128,12944,8097,8108],"class_list":["post-36246","custom_product","type-custom_product","status-publish","has-post-thumbnail","hentry","custom_product_cat-produkte","custom_product_cat-schutzschlaeuche","custom_product_cat-fabrikautomation","custom_product_cat-maschinen-anlagenbau"],"acf":[],"yoast_head":"<!-- This site is optimized with the Yoast SEO plugin v27.5 - https:\/\/yoast.com\/product\/yoast-seo-wordpress\/ -->\n<title>EF Schwarz - Anamet Europe<\/title>\n<meta name=\"robots\" content=\"index, follow, max-snippet:-1, max-image-preview:large, max-video-preview:-1\" \/>\n<link rel=\"canonical\" href=\"https:\/\/www.anameteurope.com\/de\/product\/ef-black\/\" \/>\n<meta property=\"og:locale\" content=\"de_DE\" \/>\n<meta property=\"og:type\" content=\"article\" \/>\n<meta property=\"og:title\" content=\"EF Schwarz - Anamet Europe\" \/>\n<meta property=\"og:description\" content=\"Der Sealtite Kabelschutzschlauch EF zeichnet sich durch einen stahlverzinkten Kern und einen glatten PVC Mantel aus. Der Schlauch gew\u00e4hrleistet einen sehr guten mechanischen Kabel- und Leitungsschutz an Maschinen und Anlagen, zum Anschluss an Geh\u00e4usen und Schaltschr\u00e4nken, in einer Vielzahl von Applikationen wie z.B. in Verpackungsmaschinen der Papierrecyclingindustrie. Der Kabelschutzschlauch weist sowohl in statischen, als auch [&hellip;]\" \/>\n<meta property=\"og:url\" content=\"https:\/\/www.anameteurope.com\/de\/product\/ef-black\/\" \/>\n<meta property=\"og:site_name\" content=\"Anamet Europe\" \/>\n<meta property=\"article:modified_time\" content=\"2025-10-02T08:12:30+00:00\" \/>\n<meta property=\"og:image\" content=\"https:\/\/www.anameteurope.com\/wp-content\/uploads\/2025\/04\/315_ef_zw.jpg\" \/>\n\t<meta property=\"og:image:width\" content=\"300\" \/>\n\t<meta property=\"og:image:height\" content=\"70\" \/>\n\t<meta property=\"og:image:type\" content=\"image\/jpeg\" \/>\n<meta name=\"twitter:card\" content=\"summary_large_image\" \/>\n<meta name=\"twitter:label1\" content=\"Gesch\u00e4tzte Lesezeit\" \/>\n\t<meta name=\"twitter:data1\" content=\"1\u00a0Minute\" \/>\n<script type=\"application\/ld+json\" class=\"yoast-schema-graph\">{\"@context\":\"https:\\\/\\\/schema.org\",\"@graph\":[{\"@type\":\"WebPage\",\"@id\":\"https:\\\/\\\/www.anameteurope.com\\\/de\\\/product\\\/ef-black\\\/\",\"url\":\"https:\\\/\\\/www.anameteurope.com\\\/de\\\/product\\\/ef-black\\\/\",\"name\":\"EF Schwarz - Anamet Europe\",\"isPartOf\":{\"@id\":\"https:\\\/\\\/www.anameteurope.com\\\/de\\\/#website\"},\"primaryImageOfPage\":{\"@id\":\"https:\\\/\\\/www.anameteurope.com\\\/de\\\/product\\\/ef-black\\\/#primaryimage\"},\"image\":{\"@id\":\"https:\\\/\\\/www.anameteurope.com\\\/de\\\/product\\\/ef-black\\\/#primaryimage\"},\"thumbnailUrl\":\"https:\\\/\\\/www.anameteurope.com\\\/wp-content\\\/uploads\\\/2025\\\/04\\\/315_ef_zw.jpg\",\"datePublished\":\"2020-09-23T22:00:00+00:00\",\"dateModified\":\"2025-10-02T08:12:30+00:00\",\"breadcrumb\":{\"@id\":\"https:\\\/\\\/www.anameteurope.com\\\/de\\\/product\\\/ef-black\\\/#breadcrumb\"},\"inLanguage\":\"de\",\"potentialAction\":[{\"@type\":\"ReadAction\",\"target\":[\"https:\\\/\\\/www.anameteurope.com\\\/de\\\/product\\\/ef-black\\\/\"]}]},{\"@type\":\"ImageObject\",\"inLanguage\":\"de\",\"@id\":\"https:\\\/\\\/www.anameteurope.com\\\/de\\\/product\\\/ef-black\\\/#primaryimage\",\"url\":\"https:\\\/\\\/www.anameteurope.com\\\/wp-content\\\/uploads\\\/2025\\\/04\\\/315_ef_zw.jpg\",\"contentUrl\":\"https:\\\/\\\/www.anameteurope.com\\\/wp-content\\\/uploads\\\/2025\\\/04\\\/315_ef_zw.jpg\",\"width\":300,\"height\":70},{\"@type\":\"BreadcrumbList\",\"@id\":\"https:\\\/\\\/www.anameteurope.com\\\/de\\\/product\\\/ef-black\\\/#breadcrumb\",\"itemListElement\":[{\"@type\":\"ListItem\",\"position\":1,\"name\":\"Home\",\"item\":\"https:\\\/\\\/www.anameteurope.com\\\/de\\\/\"},{\"@type\":\"ListItem\",\"position\":2,\"name\":\"EF Schwarz\"}]},{\"@type\":\"WebSite\",\"@id\":\"https:\\\/\\\/www.anameteurope.com\\\/de\\\/#website\",\"url\":\"https:\\\/\\\/www.anameteurope.com\\\/de\\\/\",\"name\":\"Anamet Europe\",\"description\":\"To connect and protect\",\"potentialAction\":[{\"@type\":\"SearchAction\",\"target\":{\"@type\":\"EntryPoint\",\"urlTemplate\":\"https:\\\/\\\/www.anameteurope.com\\\/de\\\/?s={search_term_string}\"},\"query-input\":{\"@type\":\"PropertyValueSpecification\",\"valueRequired\":true,\"valueName\":\"search_term_string\"}}],\"inLanguage\":\"de\"}]}<\/script>\n<!-- \/ Yoast SEO plugin. -->","yoast_head_json":{"title":"EF Schwarz - Anamet Europe","robots":{"index":"index","follow":"follow","max-snippet":"max-snippet:-1","max-image-preview":"max-image-preview:large","max-video-preview":"max-video-preview:-1"},"canonical":"https:\/\/www.anameteurope.com\/de\/product\/ef-black\/","og_locale":"de_DE","og_type":"article","og_title":"EF Schwarz - Anamet Europe","og_description":"Der Sealtite Kabelschutzschlauch EF zeichnet sich durch einen stahlverzinkten Kern und einen glatten PVC Mantel aus. Der Schlauch gew\u00e4hrleistet einen sehr guten mechanischen Kabel- und Leitungsschutz an Maschinen und Anlagen, zum Anschluss an Geh\u00e4usen und Schaltschr\u00e4nken, in einer Vielzahl von Applikationen wie z.B. in Verpackungsmaschinen der Papierrecyclingindustrie. Der Kabelschutzschlauch weist sowohl in statischen, als auch [&hellip;]","og_url":"https:\/\/www.anameteurope.com\/de\/product\/ef-black\/","og_site_name":"Anamet Europe","article_modified_time":"2025-10-02T08:12:30+00:00","og_image":[{"width":300,"height":70,"url":"https:\/\/www.anameteurope.com\/wp-content\/uploads\/2025\/04\/315_ef_zw.jpg","type":"image\/jpeg"}],"twitter_card":"summary_large_image","twitter_misc":{"Gesch\u00e4tzte Lesezeit":"1\u00a0Minute"},"schema":{"@context":"https:\/\/schema.org","@graph":[{"@type":"WebPage","@id":"https:\/\/www.anameteurope.com\/de\/product\/ef-black\/","url":"https:\/\/www.anameteurope.com\/de\/product\/ef-black\/","name":"EF Schwarz - Anamet Europe","isPartOf":{"@id":"https:\/\/www.anameteurope.com\/de\/#website"},"primaryImageOfPage":{"@id":"https:\/\/www.anameteurope.com\/de\/product\/ef-black\/#primaryimage"},"image":{"@id":"https:\/\/www.anameteurope.com\/de\/product\/ef-black\/#primaryimage"},"thumbnailUrl":"https:\/\/www.anameteurope.com\/wp-content\/uploads\/2025\/04\/315_ef_zw.jpg","datePublished":"2020-09-23T22:00:00+00:00","dateModified":"2025-10-02T08:12:30+00:00","breadcrumb":{"@id":"https:\/\/www.anameteurope.com\/de\/product\/ef-black\/#breadcrumb"},"inLanguage":"de","potentialAction":[{"@type":"ReadAction","target":["https:\/\/www.anameteurope.com\/de\/product\/ef-black\/"]}]},{"@type":"ImageObject","inLanguage":"de","@id":"https:\/\/www.anameteurope.com\/de\/product\/ef-black\/#primaryimage","url":"https:\/\/www.anameteurope.com\/wp-content\/uploads\/2025\/04\/315_ef_zw.jpg","contentUrl":"https:\/\/www.anameteurope.com\/wp-content\/uploads\/2025\/04\/315_ef_zw.jpg","width":300,"height":70},{"@type":"BreadcrumbList","@id":"https:\/\/www.anameteurope.com\/de\/product\/ef-black\/#breadcrumb","itemListElement":[{"@type":"ListItem","position":1,"name":"Home","item":"https:\/\/www.anameteurope.com\/de\/"},{"@type":"ListItem","position":2,"name":"EF Schwarz"}]},{"@type":"WebSite","@id":"https:\/\/www.anameteurope.com\/de\/#website","url":"https:\/\/www.anameteurope.com\/de\/","name":"Anamet Europe","description":"To connect and protect","potentialAction":[{"@type":"SearchAction","target":{"@type":"EntryPoint","urlTemplate":"https:\/\/www.anameteurope.com\/de\/?s={search_term_string}"},"query-input":{"@type":"PropertyValueSpecification","valueRequired":true,"valueName":"search_term_string"}}],"inLanguage":"de"}]}},"_links":{"self":[{"href":"https:\/\/www.anameteurope.com\/de\/wp-json\/wp\/v2\/custom_product\/36246","targetHints":{"allow":["GET"]}}],"collection":[{"href":"https:\/\/www.anameteurope.com\/de\/wp-json\/wp\/v2\/custom_product"}],"about":[{"href":"https:\/\/www.anameteurope.com\/de\/wp-json\/wp\/v2\/types\/custom_product"}],"wp:featuredmedia":[{"embeddable":true,"href":"https:\/\/www.anameteurope.com\/de\/wp-json\/wp\/v2\/media\/35209"}],"wp:attachment":[{"href":"https:\/\/www.anameteurope.com\/de\/wp-json\/wp\/v2\/media?parent=36246"}],"wp:term":[{"taxonomy":"custom_product_cat","embeddable":true,"href":"https:\/\/www.anameteurope.com\/de\/wp-json\/wp\/v2\/custom_product_cat?post=36246"}],"curies":[{"name":"wp","href":"https:\/\/api.w.org\/{rel}","templated":true}]}}

<p>Der Sealtite Kabelschutzschlauch EF zeichnet sich durch einen stahlverzinkten Kern und einen glatten PVC Mantel aus. Der Schlauch gewährleistet einen sehr guten mechanischen Kabel- und Leitungsschutz an Maschinen und Anlagen, zum Anschluss an Gehäusen und Schaltschränken, in einer Vielzahl von Applikationen wie z.B. in Verpackungsmaschinen der Papierrecyclingindustrie. Der Kabelschutzschlauch weist sowohl in statischen, als auch in halbdynamischen Anwendungen eine gute Flexibilität auf.</p>

<!-- This site is optimized with the Yoast SEO plugin v27.5 - https://yoast.com/product/yoast-seo-wordpress/ -->
<title>EF Schwarz - Anamet Europe</title>
<meta name="robots" content="index, follow, max-snippet:-1, max-image-preview:large, max-video-preview:-1" />
<link rel="canonical" href="https://www.anameteurope.com/de/product/ef-black/" />
<meta property="og:locale" content="de_DE" />
<meta property="og:type" content="article" />
<meta property="og:title" content="EF Schwarz - Anamet Europe" />
<meta property="og:description" content="Der Sealtite Kabelschutzschlauch EF zeichnet sich durch einen stahlverzinkten Kern und einen glatten PVC Mantel aus. Der Schlauch gewährleistet einen sehr guten mechanischen Kabel- und Leitungsschutz an Maschinen und Anlagen, zum Anschluss an Gehäusen und Schaltschränken, in einer Vielzahl von Applikationen wie z.B. in Verpackungsmaschinen der Papierrecyclingindustrie. Der Kabelschutzschlauch weist sowohl in statischen, als auch [&hellip;]" />
<meta property="og:url" content="https://www.anameteurope.com/de/product/ef-black/" />
<meta property="og:site_name" content="Anamet Europe" />
<meta property="article:modified_time" content="2025-10-02T08:12:30+00:00" />
<meta property="og:image" content="https://www.anameteurope.com/wp-content/uploads/2025/04/315_ef_zw.jpg" />
	<meta property="og:image:width" content="300" />
	<meta property="og:image:height" content="70" />
	<meta property="og:image:type" content="image/jpeg" />
<meta name="twitter:card" content="summary_large_image" />
<meta name="twitter:label1" content="Geschätzte Lesezeit" />
	<meta name="twitter:data1" content="1 Minute" />
<script type="application/ld+json" class="yoast-schema-graph">{"@context":"https:\/\/schema.org","@graph":[{"@type":"WebPage","@id":"https:\/\/www.anameteurope.com\/de\/product\/ef-black\/","url":"https:\/\/www.anameteurope.com\/de\/product\/ef-black\/","name":"EF Schwarz - Anamet Europe","isPartOf":{"@id":"https:\/\/www.anameteurope.com\/de\/#website"},"primaryImageOfPage":{"@id":"https:\/\/www.anameteurope.com\/de\/product\/ef-black\/#primaryimage"},"image":{"@id":"https:\/\/www.anameteurope.com\/de\/product\/ef-black\/#primaryimage"},"thumbnailUrl":"https:\/\/www.anameteurope.com\/wp-content\/uploads\/2025\/04\/315_ef_zw.jpg","datePublished":"2020-09-23T22:00:00+00:00","dateModified":"2025-10-02T08:12:30+00:00","breadcrumb":{"@id":"https:\/\/www.anameteurope.com\/de\/product\/ef-black\/#breadcrumb"},"inLanguage":"de","potentialAction":[{"@type":"ReadAction","target":["https:\/\/www.anameteurope.com\/de\/product\/ef-black\/"]}]},{"@type":"ImageObject","inLanguage":"de","@id":"https:\/\/www.anameteurope.com\/de\/product\/ef-black\/#primaryimage","url":"https:\/\/www.anameteurope.com\/wp-content\/uploads\/2025\/04\/315_ef_zw.jpg","contentUrl":"https:\/\/www.anameteurope.com\/wp-content\/uploads\/2025\/04\/315_ef_zw.jpg","width":300,"height":70},{"@type":"BreadcrumbList","@id":"https:\/\/www.anameteurope.com\/de\/product\/ef-black\/#breadcrumb","itemListElement":[{"@type":"ListItem","position":1,"name":"Home","item":"https:\/\/www.anameteurope.com\/de\/"},{"@type":"ListItem","position":2,"name":"EF Schwarz"}]},{"@type":"WebSite","@id":"https:\/\/www.anameteurope.com\/de\/#website","url":"https:\/\/www.anameteurope.com\/de\/","name":"Anamet Europe","description":"To connect and protect","potentialAction":[{"@type":"SearchAction","target":{"@type":"EntryPoint","urlTemplate":"https:\/\/www.anameteurope.com\/de\/?s={search_term_string}"},"query-input":{"@type":"PropertyValueSpecification","valueRequired":true,"valueName":"search_term_string"}}],"inLanguage":"de"}]}</script>
<!-- / Yoast SEO plugin. -->

Der Sealtite Kabelschutzschlauch EF zeichnet sich durch einen stahlverzinkten Kern und einen glatten PVC Mantel aus. Der Schlauch gewährleistet einen sehr guten mechanischen Kabel- und Leitungsschutz an Maschinen und Anlagen, zum Anschluss an Gehäusen und Schaltschränken, in einer Vielzahl von Applikationen wie z.B. in Verpackungsmaschinen der Papierrecyclingindustrie. Der Kabelschutzschlauch weist sowohl in statischen, als auch [&hellip;]
